{"id":50661,"date":"2023-05-03T15:08:47","date_gmt":"2023-05-03T15:08:47","guid":{"rendered":"https:\/\/vonrobinsonada.de\/?page_id=50661"},"modified":"2023-06-18T10:33:38","modified_gmt":"2023-06-18T10:33:38","slug":"nasza-historia","status":"publish","type":"page","link":"https:\/\/vonrobinsonada.de\/index.php\/nasza-historia\/","title":{"rendered":"Unsere Geschichte"},"content":{"rendered":"<p>[vc_row row_type=&#8221;row&#8221; use_row_as_full_screen_section=&#8221;no&#8221; type=&#8221;full_width&#8221; oblique_section=&#8221;no&#8221; text_align=&#8221;left&#8221; triangle_shape=&#8221;no&#8221; padding_bottom=&#8221;80&#8243; css_animation=&#8221;&#8221; box_shadow_on_row=&#8221;no&#8221;][vc_column width=&#8221;1\/6&#8243;][\/vc_column][vc_column width=&#8221;2\/3&#8243;][vc_column_text css=&#8221;.vc_custom_1685172001650{padding-right: 20% !important;padding-left: 20% !important;}&#8221;]<\/p>\r\n<blockquote class=\"wp-block-quote has-text-align-center is-layout-flow wp-block-quote-is-layout-flow\">\r\n<blockquote class=\"wp-block-quote is-layout-flow wp-block-quote-is-layout-flow\">\r\n<p><em>Pony poniaste bardzo kud\u0142ate,\u00a0<\/em><\/p>\r\n\r\n\r\n\r\n<p class=\"has-text-align-center\"><em>calutk\u0105 moj\u0105 zaj\u0119\u0142y chat\u0119,\u00a0<\/em><\/p>\r\n\r\n<p><em>ju\u017c siedz\u0105 wsz\u0119dzie, nawet na tapczanie,\u00a0<\/em><\/p>\r\n\r\n<p><em>lecz grzecznie miejsca ust\u0105pi\u0105 pani.<\/em><\/p>\r\n\r\n<p><em>Pony poniaste, bardzo szcz\u0119\u015bliwe,\u00a0<\/em><\/p>\r\n\r\n<p><em>ka\u017cdy nad czo\u0142em zawiesi\u0142 grzyw\u0119,\u00a0<\/em><\/p>\r\n\r\n<p><em>spodniej weso\u0142o b\u0142yska oczkami\u00a0<\/em><\/p>\r\n\r\n<p><em>i grzecznie prosi \u201ePobaw si\u0119 z nami\u201d.<\/em><\/p>\r\n<\/blockquote>\r\n<p><cite>Anna Grabska<\/cite><\/p>\r\n<\/blockquote>\r\n<p>[\/vc_column_text][\/vc_column][vc_column width=&#8221;1\/6&#8243;][\/vc_column][\/vc_row][vc_row row_type=&#8221;row&#8221; use_row_as_full_screen_section=&#8221;no&#8221; type=&#8221;full_width&#8221; oblique_section=&#8221;no&#8221; text_align=&#8221;left&#8221; triangle_shape=&#8221;no&#8221; padding_bottom=&#8221;50&#8243; css_animation=&#8221;&#8221; box_shadow_on_row=&#8221;no&#8221;][vc_column width=&#8221;1\/6&#8243;][\/vc_column][vc_column width=&#8221;2\/3&#8243;][vc_column_text]<\/p>\r\n<p>Unser erster PON hie\u00df Radochna. Sie kam 2004 aus der polnischen Zuchtst\u00e4tte von Frau Anna Grabska \u201e\u015apiewogra\u201c aus Sulej\u00f3wek. Frau Grabska war ein einzigartiger Mensch und neben der Kunst war die Zucht des PON ihre gro\u00dfe Leidenschaft.<\/p>\r\n<p>[\/vc_column_text][\/vc_column][vc_column width=&#8221;1\/6&#8243;][\/vc_column][\/vc_row][vc_row row_type=&#8221;row&#8221; use_row_as_full_screen_section=&#8221;no&#8221; type=&#8221;full_width&#8221; oblique_section=&#8221;no&#8221; text_align=&#8221;left&#8221; triangle_shape=&#8221;no&#8221; padding_bottom=&#8221;50&#8243; css_animation=&#8221;&#8221; box_shadow_on_row=&#8221;no&#8221;][vc_column width=&#8221;1\/6&#8243;][\/vc_column][vc_column width=&#8221;2\/3&#8243;][vc_column_text]<\/p>\r\n<p>Bei unserer ersten Begegnung waren wir von allem verzaubert \u2013 von Frau Grabska, ihrem PON-Rudel und der ganz besonderen Atmosph\u00e4re der ersten Begegnung mit dieser Rasse. Sie erz\u00e4hlte uns, dass die Liebe, die diese Hunde ihrer menschlichen Familie entgegenbrachten, nicht nur ein warmer Zufluchtsort w\u00e4re, sondern ihre Hunde auch treue Pfadfinderinnen seien. So w\u00fcrden ihre beiden H\u00fcndinnen sie des\u00f6fteren bei Abendspazierg\u00e4ngen wieder sicher nach Hause f\u00fchren, wenn sie aufgrund ihres betagten Alters die Orientierung verl\u00f6re.<span class=\"Apple-converted-space\">\u00a0<\/span><\/p>\r\n<p>Radocha kam 2004 in unsere Familie. Sie ist eine Tochter von Harfa ze \u015apiewogra und Szpak z Kuny. 14 Jahre lang war sie Teil der Familie und unsere gro\u00dfe Liebe. Nachdem sie ging, konnte ich mir nicht vorstellen, einen anderen Hund zu haben.<\/p>\r\n<p>[\/vc_column_text][\/vc_column][vc_column width=&#8221;1\/6&#8243;][\/vc_column][\/vc_row][vc_row row_type=&#8221;row&#8221; use_row_as_full_screen_section=&#8221;no&#8221; type=&#8221;full_width&#8221; oblique_section=&#8221;no&#8221; text_align=&#8221;left&#8221; triangle_shape=&#8221;no&#8221; padding_bottom=&#8221;50&#8243; css_animation=&#8221;&#8221; box_shadow_on_row=&#8221;no&#8221;][vc_column width=&#8221;1\/6&#8243;][\/vc_column][vc_column width=&#8221;2\/3&#8243;][vc_column_text]<\/p>\r\n<p>Ich denke, das Gleiche gilt f\u00fcr jeden, der den Verlust eines Freundes erlebt. Doch wenn die Wunde etwas heilt, ist die Sehnsucht so gro\u00df, dass man nicht \u00fcbersehen kann, dass das Haus nur mit einem Hund wirklich gl\u00fccklich ist.<\/p>\r\n<p>Und so kamen Pontastic Penny Lany und etwas sp\u00e4ter Czara von Rivendall zu uns.<\/p>\r\n<p>[\/vc_column_text][\/vc_column][vc_column width=&#8221;1\/6&#8243;][\/vc_column][\/vc_row][vc_row row_type=&#8221;row&#8221; use_row_as_full_screen_section=&#8221;no&#8221; type=&#8221;full_width&#8221; oblique_section=&#8221;no&#8221; text_align=&#8221;left&#8221; triangle_shape=&#8221;no&#8221; padding_bottom=&#8221;50&#8243; css_animation=&#8221;&#8221; box_shadow_on_row=&#8221;no&#8221;][vc_column width=&#8221;1\/6&#8243;][\/vc_column][vc_column width=&#8221;2\/3&#8243;][vc_column_text]<\/p>\r\n<p>Unsere Penny<\/p>\r\n<p>Penny brachte Hundemagie in unsere Welt und ist ein Beweis daf\u00fcr, dass Hunde wunderbar kommunizieren k\u00f6nnen. Penny verf\u00fcgt \u00fcber Hundekultur, Eleganz, Zartheit, Einf\u00fchlungsverm\u00f6gen und gar therapeutische F\u00e4higkeiten. Hier, wo wir leben, ist sie der Liebling von Pferden, K\u00fchen und Schafen \u2013 ganz zu schweigen von den umherstreunenden Katzen oder Kr\u00e4hen auf den Feldern. Ihre Einzigartigkeit \u2013 ich wei\u00df, es f\u00e4llt mir schwer, objektiv zu sein \u2013 hat uns ernsthaft dar\u00fcber nachdenken lassen, einen Zwinger zu gr\u00fcnden. Und so kamen wir nach vier Jahren der Vorbereitung zu dem Schluss, dass wir \u00fcber gen\u00fcgend theoretisches Wissen verf\u00fcgen, um uns, der Welt und mit Hilfe erfahrener Z\u00fcchter die Chance zu geben, einzigartige Welpen zum Leben zu erwecken.<\/p>\r\n<p>Unsere Czara<\/p>\r\n<p>Czara ist ein ewig l\u00e4chelndes M\u00e4dchen. Die Menge an Liebe, die sie denjenigen schenken kann, denen sie vertraut, versetzt mich in Erstaunen. Sie liebt die Welt und steckt uns mit ihrer eruptiven Begeisterung an.<span class=\"Apple-converted-space\">\u00a0 <\/span>St\u00e4ndig bringt sie uns zum Lachen und ich kann ehrlich sagen, dass ich ihren Sinn f\u00fcr Humor total liebe.<span class=\"Apple-converted-space\">\u00a0<\/span><\/p>\r\n<p>Mit Czara planen wir im Herbst einen Wurf.<\/p>\r\n<p>[\/vc_column_text][\/vc_column][vc_column width=&#8221;1\/6&#8243;][\/vc_column][\/vc_row][vc_row row_type=&#8221;row&#8221; use_row_as_full_screen_section=&#8221;no&#8221; type=&#8221;full_width&#8221; oblique_section=&#8221;no&#8221; text_align=&#8221;left&#8221; triangle_shape=&#8221;no&#8221; padding_bottom=&#8221;50&#8243; css_animation=&#8221;&#8221; box_shadow_on_row=&#8221;no&#8221;][vc_column width=&#8221;1\/6&#8243;][\/vc_column][vc_column width=&#8221;2\/3&#8243;][vc_column_text]<\/p>\r\n<p>Zuchtst\u00e4tte des Polnischen Niederungsh\u00fctehundes (PON)<\/p>\r\n<p>Zucht ist unsere gro\u00dfe Leidenschaft. Die Erf\u00fcllung dieses lang aufgeschobenen Traums ist eine gro\u00dfe Verantwortung und erfordert eine st\u00e4ndige Weiterentwicklung und Lernen. Unser Wissen erweitern wir st\u00e4ndig durch eine Vielzahl an Seminaren, Schulungen und Kursen.<\/p>\r\n<p>Ich bin zertifizierte Hundetrainerin und habe neben einem vorveterin\u00e4rmedizinischen Erste-Hilfe-Kurs etliche Seminare im Bereich Verhaltensmedizin, Ern\u00e4hrung, Genetik sowie einem Hundefitnesskurs absolviert.<\/p>\r\n<p>Wir aktualisieren unser Wissen st\u00e4ndig \u2013 so planen wir einen Pflegekurs, ein Studium der Zoopsychologie und der Verhaltensbiologie (Ethologie).<\/p>\r\n<p>Ein Grundsatz, an den ich fest glaube und auch in meinem Leben anwende lautet:<\/p>\r\n<p>\u201eWer wei\u00df warum, kann mit fast jedem Wie umgehen\u201c<\/p>\r\n<p>[\/vc_column_text][\/vc_column][vc_column width=&#8221;1\/6&#8243;][\/vc_column][\/vc_row]<\/p>","protected":false},"excerpt":{"rendered":"<p>[vc_row row_type=&#8221;row&#8221; use_row_as_full_screen_section=&#8221;no&#8221; type=&#8221;full_width&#8221; oblique_section=&#8221;no&#8221; text_align=&#8221;left&#8221; triangle_shape=&#8221;no&#8221; padding_bottom=&#8221;80&#8243; css_animation=&#8221;&#8221; box_shadow_on_row=&#8221;no&#8221;][vc_column width=&#8221;1\/6&#8243;][\/vc_column][vc_column width=&#8221;2\/3&#8243;][vc_column_text css=&#8221;.vc_custom_1685172001650{padding-right: 20% !important;padding-left: 20% !important;}&#8221;]<\/p>\n","protected":false},"author":1,"featured_media":0,"parent":0,"menu_order":0,"comment_status":"closed","ping_status":"closed","template":"","meta":{"footnotes":""},"class_list":["post-50661","page","type-page","status-publish","hentry"],"yoast_head":"<!-- This site is optimized with the Yoast SEO plugin v26.8 - https:\/\/yoast.com\/product\/yoast-seo-wordpress\/ -->\n<title>Unsere Geschichte - Von Robinsonada FCI<\/title>\n<meta name=\"robots\" content=\"index, follow, max-snippet:-1, max-image-preview:large, max-video-preview:-1\" \/>\n<link rel=\"canonical\" href=\"https:\/\/vonrobinsonada.de\/index.php\/nasza-historia\/\" \/>\n<meta property=\"og:locale\" content=\"pl_PL\" \/>\n<meta property=\"og:type\" content=\"article\" \/>\n<meta property=\"og:title\" content=\"Unsere Geschichte - Von Robinsonada FCI\" \/>\n<meta property=\"og:description\" content=\"[vc_row row_type=&#8221;row&#8221; use_row_as_full_screen_section=&#8221;no&#8221; type=&#8221;full_width&#8221; oblique_section=&#8221;no&#8221; text_align=&#8221;left&#8221; triangle_shape=&#8221;no&#8221; padding_bottom=&#8221;80&#8243; css_animation=&#8221;&#8221; box_shadow_on_row=&#8221;no&#8221;][vc_column width=&#8221;1\/6&#8243;][\/vc_column][vc_column width=&#8221;2\/3&#8243;][vc_column_text css=&#8221;.vc_custom_1685172001650{padding-right: 20% !important;padding-left: 20% !important;}&#8221;]\" \/>\n<meta property=\"og:url\" content=\"https:\/\/vonrobinsonada.de\/index.php\/nasza-historia\/\" \/>\n<meta property=\"og:site_name\" content=\"Von Robinsonada FCI\" \/>\n<meta property=\"article:publisher\" content=\"https:\/\/www.facebook.com\/naszarobinsonada\/\" \/>\n<meta property=\"article:modified_time\" content=\"2023-06-18T10:33:38+00:00\" \/>\n<meta name=\"twitter:card\" content=\"summary_large_image\" \/>\n<meta name=\"twitter:label1\" content=\"Szacowany czas czytania\" \/>\n\t<meta name=\"twitter:data1\" content=\"5 minut\" \/>\n<script type=\"application\/ld+json\" class=\"yoast-schema-graph\">{\"@context\":\"https:\/\/schema.org\",\"@graph\":[{\"@type\":\"WebPage\",\"@id\":\"https:\/\/vonrobinsonada.de\/index.php\/nasza-historia\/\",\"url\":\"https:\/\/vonrobinsonada.de\/index.php\/nasza-historia\/\",\"name\":\"Unsere Geschichte - Von Robinsonada FCI\",\"isPartOf\":{\"@id\":\"https:\/\/vonrobinsonada.de\/#website\"},\"datePublished\":\"2023-05-03T15:08:47+00:00\",\"dateModified\":\"2023-06-18T10:33:38+00:00\",\"breadcrumb\":{\"@id\":\"https:\/\/vonrobinsonada.de\/index.php\/nasza-historia\/#breadcrumb\"},\"inLanguage\":\"pl-PL\",\"potentialAction\":[{\"@type\":\"ReadAction\",\"target\":[\"https:\/\/vonrobinsonada.de\/index.php\/nasza-historia\/\"]}]},{\"@type\":\"BreadcrumbList\",\"@id\":\"https:\/\/vonrobinsonada.de\/index.php\/nasza-historia\/#breadcrumb\",\"itemListElement\":[{\"@type\":\"ListItem\",\"position\":1,\"name\":\"Strona g\u0142\u00f3wna\",\"item\":\"https:\/\/vonrobinsonada.de\/\"},{\"@type\":\"ListItem\",\"position\":2,\"name\":\"Unsere Geschichte\"}]},{\"@type\":\"WebSite\",\"@id\":\"https:\/\/vonrobinsonada.de\/#website\",\"url\":\"https:\/\/vonrobinsonada.de\/\",\"name\":\"Von Robinsonada FCI\",\"description\":\"Adventure with my Polish Lowland Sheepdogs. Photography, adventure and lifestyle.\",\"publisher\":{\"@id\":\"https:\/\/vonrobinsonada.de\/#organization\"},\"potentialAction\":[{\"@type\":\"SearchAction\",\"target\":{\"@type\":\"EntryPoint\",\"urlTemplate\":\"https:\/\/vonrobinsonada.de\/?s={search_term_string}\"},\"query-input\":{\"@type\":\"PropertyValueSpecification\",\"valueRequired\":true,\"valueName\":\"search_term_string\"}}],\"inLanguage\":\"pl-PL\"},{\"@type\":\"Organization\",\"@id\":\"https:\/\/vonrobinsonada.de\/#organization\",\"name\":\"Von Robinsonada FCI\",\"url\":\"https:\/\/vonrobinsonada.de\/\",\"logo\":{\"@type\":\"ImageObject\",\"inLanguage\":\"pl-PL\",\"@id\":\"https:\/\/vonrobinsonada.de\/#\/schema\/logo\/image\/\",\"url\":\"https:\/\/vonrobinsonada.de\/wp-content\/uploads\/2015\/03\/von-robinsonada-logo-gray-small.png\",\"contentUrl\":\"https:\/\/vonrobinsonada.de\/wp-content\/uploads\/2015\/03\/von-robinsonada-logo-gray-small.png\",\"width\":280,\"height\":144,\"caption\":\"Von Robinsonada FCI\"},\"image\":{\"@id\":\"https:\/\/vonrobinsonada.de\/#\/schema\/logo\/image\/\"},\"sameAs\":[\"https:\/\/www.facebook.com\/naszarobinsonada\/\",\"https:\/\/www.instagram.com\/nasza_robinsonada\/\"]}]}<\/script>\n<!-- \/ Yoast SEO plugin. -->","yoast_head_json":{"title":"Unsere Geschichte - Von Robinsonada FCI","robots":{"index":"index","follow":"follow","max-snippet":"max-snippet:-1","max-image-preview":"max-image-preview:large","max-video-preview":"max-video-preview:-1"},"canonical":"https:\/\/vonrobinsonada.de\/index.php\/nasza-historia\/","og_locale":"pl_PL","og_type":"article","og_title":"Unsere Geschichte - Von Robinsonada FCI","og_description":"[vc_row row_type=&#8221;row&#8221; use_row_as_full_screen_section=&#8221;no&#8221; type=&#8221;full_width&#8221; oblique_section=&#8221;no&#8221; text_align=&#8221;left&#8221; triangle_shape=&#8221;no&#8221; padding_bottom=&#8221;80&#8243; css_animation=&#8221;&#8221; box_shadow_on_row=&#8221;no&#8221;][vc_column width=&#8221;1\/6&#8243;][\/vc_column][vc_column width=&#8221;2\/3&#8243;][vc_column_text css=&#8221;.vc_custom_1685172001650{padding-right: 20% !important;padding-left: 20% !important;}&#8221;]","og_url":"https:\/\/vonrobinsonada.de\/index.php\/nasza-historia\/","og_site_name":"Von Robinsonada FCI","article_publisher":"https:\/\/www.facebook.com\/naszarobinsonada\/","article_modified_time":"2023-06-18T10:33:38+00:00","twitter_card":"summary_large_image","twitter_misc":{"Szacowany czas czytania":"5 minut"},"schema":{"@context":"https:\/\/schema.org","@graph":[{"@type":"WebPage","@id":"https:\/\/vonrobinsonada.de\/index.php\/nasza-historia\/","url":"https:\/\/vonrobinsonada.de\/index.php\/nasza-historia\/","name":"Unsere Geschichte - Von Robinsonada FCI","isPartOf":{"@id":"https:\/\/vonrobinsonada.de\/#website"},"datePublished":"2023-05-03T15:08:47+00:00","dateModified":"2023-06-18T10:33:38+00:00","breadcrumb":{"@id":"https:\/\/vonrobinsonada.de\/index.php\/nasza-historia\/#breadcrumb"},"inLanguage":"pl-PL","potentialAction":[{"@type":"ReadAction","target":["https:\/\/vonrobinsonada.de\/index.php\/nasza-historia\/"]}]},{"@type":"BreadcrumbList","@id":"https:\/\/vonrobinsonada.de\/index.php\/nasza-historia\/#breadcrumb","itemListElement":[{"@type":"ListItem","position":1,"name":"Strona g\u0142\u00f3wna","item":"https:\/\/vonrobinsonada.de\/"},{"@type":"ListItem","position":2,"name":"Unsere Geschichte"}]},{"@type":"WebSite","@id":"https:\/\/vonrobinsonada.de\/#website","url":"https:\/\/vonrobinsonada.de\/","name":"Von Robinsonada FCI","description":"Adventure with my Polish Lowland Sheepdogs. Photography, adventure and lifestyle.","publisher":{"@id":"https:\/\/vonrobinsonada.de\/#organization"},"potentialAction":[{"@type":"SearchAction","target":{"@type":"EntryPoint","urlTemplate":"https:\/\/vonrobinsonada.de\/?s={search_term_string}"},"query-input":{"@type":"PropertyValueSpecification","valueRequired":true,"valueName":"search_term_string"}}],"inLanguage":"pl-PL"},{"@type":"Organization","@id":"https:\/\/vonrobinsonada.de\/#organization","name":"Von Robinsonada FCI","url":"https:\/\/vonrobinsonada.de\/","logo":{"@type":"ImageObject","inLanguage":"pl-PL","@id":"https:\/\/vonrobinsonada.de\/#\/schema\/logo\/image\/","url":"https:\/\/vonrobinsonada.de\/wp-content\/uploads\/2015\/03\/von-robinsonada-logo-gray-small.png","contentUrl":"https:\/\/vonrobinsonada.de\/wp-content\/uploads\/2015\/03\/von-robinsonada-logo-gray-small.png","width":280,"height":144,"caption":"Von Robinsonada FCI"},"image":{"@id":"https:\/\/vonrobinsonada.de\/#\/schema\/logo\/image\/"},"sameAs":["https:\/\/www.facebook.com\/naszarobinsonada\/","https:\/\/www.instagram.com\/nasza_robinsonada\/"]}]}},"_links":{"self":[{"href":"https:\/\/vonrobinsonada.de\/index.php\/wp-json\/wp\/v2\/pages\/50661","targetHints":{"allow":["GET"]}}],"collection":[{"href":"https:\/\/vonrobinsonada.de\/index.php\/wp-json\/wp\/v2\/pages"}],"about":[{"href":"https:\/\/vonrobinsonada.de\/index.php\/wp-json\/wp\/v2\/types\/page"}],"author":[{"embeddable":true,"href":"https:\/\/vonrobinsonada.de\/index.php\/wp-json\/wp\/v2\/users\/1"}],"replies":[{"embeddable":true,"href":"https:\/\/vonrobinsonada.de\/index.php\/wp-json\/wp\/v2\/comments?post=50661"}],"version-history":[{"count":22,"href":"https:\/\/vonrobinsonada.de\/index.php\/wp-json\/wp\/v2\/pages\/50661\/revisions"}],"predecessor-version":[{"id":51192,"href":"https:\/\/vonrobinsonada.de\/index.php\/wp-json\/wp\/v2\/pages\/50661\/revisions\/51192"}],"wp:attachment":[{"href":"https:\/\/vonrobinsonada.de\/index.php\/wp-json\/wp\/v2\/media?parent=50661"}],"curies":[{"name":"wp","href":"https:\/\/api.w.org\/{rel}","templated":true}]}}